0. Give r(-7).
-4
Let v(k) = -k**2 + 5*k + 34. Determine v(-4).
-2
Let k(p) = -p**2 + 7*p + 2. Determine k(5).
12
Let z(b) = -b**2 - 23*b - 35. Calculate z(-21).
7
Let j(y) = y**2 + 2*y - 16. Calculate j(0).
-16
Let p(h) = -h**3 - 8*h**2 - 13*h - 12. Give p(-8).
92
Let l(i) = 2*i**2 + 12*i - 4. Determine l(-6).
-4
Let w(l) = l**3 - 3*l**2 - 3*l - 5. Determine w(4).
-1
Let j(m) = -9*m + 43. What is j(6)?
-11
Let c(i) = -i**3 - 64*i**2 - 122*i + 130. Give c(-62).
6
Let b(a) = a**3 - 5*a**2 - 12*a - 12. What is b(7)?
2
Let d(v) = -v**2 - 12*v + 64. What is d(-16)?
0
Let g(d) = -d**3 - 5*d**2 - 6*d - 6. Determine g(-5).
24
Let k(l) = -15*l + 9. Determine k(3).
-36
Let u(o) = -o**3 - 13*o**2 - o + 10. What is u(-13)?
23
Let a(n) = n**3 - 4*n**2 + n - 7. Calculate a(4).
-3
Let o(x) = x**3 - 14*x**2 + 24*x + 27. What is o(12)?
27
Let d(j) = 10*j**3 - j - 1. Determine d(-1).
-10
Let o(v) = 24*v - 87. Give o(4).
9
Let b(s) = -4*s + 1. What is b(4)?
-15
Let l(b) = -b**3 - 24*b**2 - 25*b - 42. Give l(-23).
4
Let k(i) = 4*i**2 - i - 4. Calculate k(-2).
14
Let l(k) = 3*k**3 + 28*k**2 + 8*k - 24. Determine l(-9).
-15
Let q(y) = -y**2 - 3*y - 2. Determine q(5).
-42
Let q(u) = -u**3 - 3*u**2 + 5*u + 11. Calculate q(-2).
-3
Let l(i) = i**3 - 11*i**2 + 9*i + 1. Give l(10).
-9
Let l(u) = -145*u + 12. What is l(1)?
-133
Let r(u) = u**2 - 66*u + 205. What is r(62)?
-43
Let i(u) = u**3 - 10*u**2 + u - 6. Determine i(10).
4
Let s(f) = f + 3. What is s(-8)?
-5
Let h(c) = -177*c**3 - 3*c**2 + 2*c. What is h(1)?
-178
Let s(g) = -g - 52. Determine s(0).
-52
Let o(j) = -j - 6. Determine o(-14).
8
Let r(x) = x**3 - 2*x - 2. What is r(3)?
19
Let i(t) = t**3 + 11*t**2 - 8*t + 41. Calculate i(-12).
-7
Let s(o) = -2*o - 44. Determine s(-24).
4
Let f(y) = -y**2 + 19*y - 8. What is f(15)?
52
Let f(k) = k**2 - 7*k - 10. Calculate f(9).
8
Let n(m) = -m**3 + 6*m**2 + 32*m - 168. Determine n(7).
7
Let h(u) = 2*u**2 - 14*u + 4. Give h(4).
-20
Let p(q) = 41*q + 7. Calculate p(-4).
-157
Let o(d) = 2*d**2 - 5*d - 2. Determine o(4).
10
Let a(c) = -c**3 - 10*c**2 + 14*c + 2. What is a(-11)?
-31
Let w(a) = 3*a + 6. Calculate w(-3).
-3
Let w(n) = n**2 + 13*n + 32. What is w(-6)?
-10
Let g(m) = m**2 + 11*m + 19. What is g(-11)?
19
Let a(m) = -m**2 + 14*m - 26. Give a(11).
7
Let j(b) = -7*b + 5. Determine j(-10).
75
Let o(m) = 2*m**3 + 4*m**2 - 8*m - 3. Calculate o(-5).
-113
Let m(f) = 5*f - 24. What is m(4)?
-4
Let l(z) = z**2 + 3*z + 7. What is l(0)?
7
Let l(h) = -h - 28. What is l(17)?
-45
Let p(i) = i**3 + 9*i**2 - 10*i - 2. Calculate p(-10).
-2
Let n(s) = s**3 + 11*s**2 + 72*s + 614. Give n(-10).
-6
Let h(c) = -c**2 + 7*c + 8. Calculate h(6).
14
Let r(a) = 2*a**2 + 3*a - 3. Determine r(-3).
6
Let o(g) = g**3 - 2*g**2 + 4*g + 1. Give o(3).
22
Let t(z) = -4*z**2 + 7*z + 2. Give t(4).
-34
Let o(s) = 3*s**3 + 5*s + 1. What is o(-2)?
-33
Let b(w) = -2*w + 20. What is b(-4)?
28
Let g(h) = h**3 - 8*h**2 + 16*h - 1. Give g(4).
-1
Let u(i) = -i + 9. Calculate u(2).
7
Let k(m) = -4*m + 24. What is k(11)?
-20
Let l(s) = -s**3 - 15*s**2 + 3. Calculate l(-15).
3
Let t(m) = -m**2 + 46*m + 44. Calculate t(47).
-3
Let k(t) = t**3 + 17*t**2 + 16*t - 23. What is k(-16)?
-23
Let i(r) = -r**3 - 8*r**2 + 28*r + 106. Determine i(-10).
26
Let j(a) = a**3 - 6*a**2 + 7*a. Determine j(5).
10
Let s(n) = -n + 10. Give s(-7).
17
Let r(k) = -k**3 - 18*k**2 + 64*k + 16. Calculate r(-21).
-5
Let s(m) = -4*m**3 + m**2. Give s(-1).
5
Let w(o) = -o**3 - 2*o - 7. What is w(-3)?
26
Let b(t) = -t + 1. Give b(10).
-9
Let o(x) = 3*x + 31. What is o(-5)?
16
Let z(i) = -i**3 - 6*i**2 - 7*i - 6. Calculate z(-5).
4
Let p(s) = -2*s - 4. Give p(-6).
8
Let a(j) = 3*j - 2. Determine a(1).
1
Let i(c) = -4*c**3 - 3*c**2 + 2*c - 1. What is i(2)?
-41
Let p(s) = 5*s**2 + s. What is p(-1)?
4
Let r(m) = 3*m + 34. Determine r(-5).
19
Let d(y) = -y**3 - 6*y**2 + 9*y + 52. Give d(-6).
-2
Let u(p) = p - 8. Determine u(-14).
-22
Let f(h) = -46*h - 293. What is f(-6)?
-17
Let s(n) = -n. Determine s(7).
-7
Let n(c) = 2*c**3 + 12*c**2 - c + 4. What is n(-6)?
10
Let f(c) = -4*c - 38. Calculate f(-3).
-26
Let w(h) = h**3 + 15*h**2 + h - 53. What is w(-15)?
-68
Let i(h) = -172*h + 4. Calculate i(0).
4
Let c(s) = -43*s + 1. What is c(1)?
-42
Let g(v) = -5*v**2 - 2*v + 1. Calculate g(1).
-6
Let s(v) = -v**3 - 4*v**2 - v - 4. Determine s(-4).
0
Let o(i) = -13*i + 20. Calculate o(2).
-6
Let q(c) = -2*c**3 - c**2 - c. Give q(-2).
14
Let v(x) = -x + 1. Determine v(7).
-6
Let b(p) = 8*p - 57. Determine b(-3).
-81
Let y(r) = r**2 + 45*r - 105. Determine y(-47).
-11
Let w(z) = -z**2 + z - 3. Give w(5).
-23
Let i(k) = k**2 - 4*k - 7. Determine i(-4).
25
Let x(g) = -3*g**3 - 50*g**2 + 16*g + 4. Give x(-17).
21
Let i(l) = l**3 - l**2 + l - 6. Calculate i(2).
0
Let n(x) = -2*x**2 + 4*x - 5. Determine n(1).
-3
Let x(s) = s - 1. Determine x(-10).
-11
Let a(x) = x**3 - 27*x**2 - 29*x + 9. Determine a(28).
-19
Let y(i) = 70*i - 53. Determine y(2).
87
Let y(s) = -4*s - 8. Give y(4).
-24
Let i(l) = -l**3 - 6*l**2 + 2*l + 1. Determine i(-6).
-11
Let r(k) = 4*k**3 + 3*k**2 - 1. Calculate r(1).
6
Let p(c) = -c**2 + 5*c + 1. Determine p(5).
1
Let y(d) = d**3 + 10*d**2 + 5*d - 10. Determine y(-9).
26
Let r(k) = 2*k**2 - 34*k + 2. Determine r(16).
-30
Let t(p) = -8*p + 113. What is t(18)?
-31
Let d(x) = -x**3 + 5*x**2 + 5*x - 4. Calculate d(7).
-67
Let n(w) = -5*w**2 - 6*w - 3. Give n(-2).
-11
Let y(u) = 5*u - 56. Calculate y(9).
-11
Let k(a) = -5*a**2 - 6*a - 10. Give k(-4).
-66
Let u(h) = h**3 + 7*h**2 - 8*h + 5. Calculate u(-8).
5
Let c(t) = t**2 + 13*t - 29. What is c(-13)?
-29
Let a(v) = 5*v - 31. Give a(14).
39
Let l(z) = z**3 - 10*z**2 + 17*z - 11. Give l(8).
-3
Let d(j) = 14*j + 247. Calculate d(-18).
-5
Let s(u) = -u**3 - 5*u**2 + 2. Calculate s(-4).
-14
Let t(s) = -6*s. Give t(1).
-6
Let m(g) = g**3 + 8*g**2 + 13*g - 3. Determine m(-7).
-45
Let b(l) = -5*l + 62. Determine b(15).
-13
Let u(y) = y**3 - 4*y - 6. Calculate u(-3).
-21
Let x(i) = -i**3 + 11*i**2 - 10*i + 3. Give x(10).
3
Let s(d) = -6*d - 4. Give s(3).
-22
Let t(q) = q**2 - 11*q + 11. Calculate t(14).
53
Let g(w) = -7*w - 43. Determine g(-7).
6
Let l(h) = -2*h**2 - 2*h + 1. Calculate l(3).
-23
Let j(s) = 13*s - 10. Calculate j(4).
42
Let l(j) = -3*j**2 + 3*j + 3. What is l(2)?
-3
Let u(k) = k**2 + 9*k. Give u(-6).
-18
Let q(s) = -3*s - 1. Determine q(-7).
20
Let y(q) = q**2 - 29*q - 917. What is y(-19)?
-5
Let c(j) = 34*j**3 + j**2 + j + 1. What is c(-1)?
-33
Let m(o) = o**3 + 61*o**2 + 173*o - 56. What is m(-58)?
2
Let q(d) = 6*d + 2. What is q(7)?
44
Let d(j) = -7*j + 47. Calculate d(6).
5
Let c(t) = 5*t**2 + 3*t - 1. What is c(2)?
25
Let x(m) = -11*m + 51. Determine x(6).
-15
Let s(j) = -j**3 - 15*j**2 + 18. What is s(-15)?
18
Let i(n) = -5*n**2 - 30*n + 3. Calculate i(-6).
3
Let t(o) = -o**2 - 3*o - 7. Calculate t(0).
-7
Let i(q) = 11*q**3 + 2*q**2 - 4*q - 8. Give i(-2).
-80
Let l(i) = i**3 - 17*i**2 - 13*i - 13. Determine l(18).
77
Let a(b) = -b**2 + 3*b - 12. Calculate a(-7).
-82
Let r(t) = -t**2 - 3*t + 25. What is r(-7)?
-3
Let a(s) = s**3 - 9*s**2 - 16*s + 12. Calculate a(10).
-48
Let s(m) = m**3 + 7*m**2 - 10*m - 9. Determine s(-8).
7
Let b(u) = u**3 - u - 24. What is b(0)?
-24
Let p(x) = -45*x**2 - x + 1. Determine p(1).
-45
Let f(s) = -s**3 + 8*s**2 - 10*s + 20. Determine f(7).
-1
Let w(q) = 8*q**2 + 30*q + 14. Give w(-4).
22
Let p(i) = -i**3 - 21*i**2 - 43*i - 10. Give p(-19).
85
Let u(x) = -9*x. What is u(3)?
-27
Let c(d) = 5*d + 12. Give c(-3).
-3
Let s(x) = x**2 + 20*x - 67. Determine s(-23).
2
Let g(l) = 7*l - 101. Determine g(21).
46
Let x(n) = -n**3 - 4*n**2 + 40*n + 163. Calculate x(-6).
-5
Let a(k) = k**2 - 6. Calculate a(-7).
43
Let h(x) = x**3 - 6*x**2 + 2*x + 4. Give h(5).
-11
Let r(i) = 5*i - 16. Determine r(3).
-1
Let z(l) = -7*l**2 - 55*l + 12. Determine z(-8).
4
Let y(x) = x**3 + 5*x**2 - 2*x - 3. What is y(-5)?
7
Let g(p) = -p + 17. Calculate g(-4).
21
Let z(v) = v**3 + 5*v**2 + 3*v + 3. Determine z(-5).
-12
Let f(r) = -10*r**3 - 4*r**2 + 5*r - 2. Calculate f(2).
-88
Let m(z) = z**2 - 11*z + 23. Calculate m(10).
13
Let j(y) = y**3 + 13*y**2 - 8*y - 68. Determine j(-13).
36
Let q(c) = 4*c - 47. What is q(13)?
5
Let n(l) = -l**2 + 10*l - 13. What is n(10)?
-13
Let m(l) = 9*